t of r?
9
Suppose 0 = 3*v - 3*w - 1455, -w = 4*v + 3*w - 1964. What is the hundreds digit of v?
4
Let m(q) = q**2 + 3*q + 2. Let h be m(-3). Let d(f) = 29 - 21 + 8*f**2 + 5*f + f**3 + 0*f**2 + f**h. What is the units digit of d(-8)?
2
Suppose -b - 5*r = -37, -3*b + 2*r - 14 = -40. Let j = 22 - b. Suppose -i = i - j. What is the units digit of i?
5
Let b be (-3 + 2)/(13/39). Let s be 4 - b/(12/56). Let m = s + -5. What is the tens digit of m?
1
Suppose -q = 4*w - 4 - 12, 0 = 4*w + 2*q - 20. Suppose u + 0*u = -w*d + 337, -2*d + 230 = 2*u. What is the hundreds digit of d?
1
Suppose -6800 = 18*r - 26*r. What is the tens digit of r?
5
Let w = 1921 + -1101. What is the tens digit of w/8*(-12)/(-15)?
8
Suppose 5*s + 1 = -9, -a + 1253 = 3*s. What is the units digit of a?
9
Suppose 0 = -6*a + 1387 + 1007. What is the hundreds digit of a?
3
Let o(b) = -6*b - 4. Let r be o(-7). Suppose 33 = 5*z + j, -5*z = -2*j - 1 - r. Suppose 34 = z*i - 5*i. What is the tens digit of i?
1
Let p(q) = -2*q + 1. Let o be p(-1). Suppose -o*u = -0*u - 18. Suppose -8 = -4*g, -u*d + 21 = -5*d + 3*g. What is the units digit of d?
5
Let v(k) be the third derivative of k**5/60 - k**4/3 + 5*k**3/3 - 3*k**2. Let t be v(7). Suppose 0 = -t*z + 8 + 31. What is the units digit of z?
3
Let s = -6053 - -10705. What is the hundreds digit of s?
6
Let r(w) = -w**3 + w. Let b(z) = -3*z**3 - 4*z**2 - z - 5. Let f(q) = b(q) - 2*r(q). Let y(k) = -k**2 + 4. Let n be y(-3). What is the units digit of f(n)?
5
Suppose 3629 = -22*u + 33417. What is the units digit of u?
4
Let c = 419 - 287. What is the tens digit of c?
3
Let m(n) = -n - 11. Let a be m(-11). Let o = 2 + a. Suppose -o*k - 3*k = -3*r - 77, 3*k = -4*r + 52. What is the units digit of k?
6
Suppose 0 = 10*t - 5*t - 15980. What is the thousands digit of t?
3
Let j be -10 + 13 + 11/1. What is the units digit of 5/(-2)*j/(-35)?
1
Let u(b) = 2*b**2 + 19*b + 24. Suppose 0 = 2*r - l + 10 + 10, r + 3*l = -24. What is the tens digit of u(r)?
8
Suppose 5*i + 14*i = 41895. What is the thousands digit of i?
2
Let j(l) = l + 10. Let c be j(-5). Suppose 21 = 5*b - 3*n - 17, -n + 54 = c*b. What is the tens digit of b?
1
Let n(a) = -a + 4. Let y be 8/(-6)*21/(-7). Let b be n(y). Suppose b = -5*v + 258 + 2. What is the units digit of v?
2
Let a(v) = -5*v - 7*v**3 - 2*v**2 + 6*v**3 - 5*v**2 + 9 - 4. Let u be a(-5). Let f = u - -28. What is the units digit of f?
8
Let k be ((-2 - -3) + -2)*4. Let z = k - -8. Suppose 8 = 2*r - z. What is the units digit of r?
6
Let p = 74 - -9. Suppose -13*h + 8*h + 230 = 0. Let j = p - h. What is the tens digit of j?
3
Suppose 4*x - 2*v + 46 = 0, -2*v = -x - 1 - 15. Let a = 12 + x. Suppose y - 16 = -a*q, -q = 5*y - 7 - 19. What is the units digit of q?
6
Suppose 0 = -v + 5 + 4. Let m be 3 + (v/(-3) - 0). Suppose 3*d - 36 = -m. What is the units digit of d?
2
Suppose 978 = 6*d + 192. What is the units digit of d?
1
Let r be -4 - (-5)/((-10)/(-152)). Suppose r = 2*b + 10. What is the tens digit of b?
3
Let h(w) = 515*w**2 - w - 1. Let q be h(-1). Let i = q + -307. What is the hundreds digit of i?
2
Suppose -5*n = 2*t - 8570, -2*t - 5158 = -8*n + 5*n. What is the hundreds digit of n?
7
What is the tens digit of (-16 + 20)*3/(-4) - -3007?
0
Let r(x) = 41*x**2 - 1. Suppose 4*j + 9 = 2*u - 31, -10 = j - 2*u. Let z = j + 11. What is the tens digit of r(z)?
4
Let v be 4/26 - (-730)/(-13). Let r = -40 - v. What is the tens digit of r?
1
Let j(n) = 6*n + 22. Let v be j(-18). Let k = 57 - v. What is the tens digit of k?
4
Let b(x) = -x**3 - 13*x**2 - 15*x + 8. Let q be b(-11). What is the tens digit of q/(-2) + 60/(-40)?
3
Let g(n) = 212*n**2 - n + 8. What is the tens digit of g(-2)?
5
Let b(y) = 8*y - 5. Suppose 2*q + 0*g = 4*g + 28, 4*g + 34 = 3*q. What is the tens digit of b(q)?
4
Let f = -305 - -551. What is the tens digit of f?
4
Suppose 10*x - 2*x - 680 = 0. What is the tens digit of x?
8
Let o(g) = -g**3 - 4*g**2 - 5*g - 6. Let r be o(-3). Suppose 0 = 2*l - 2*h - 22, -h = -5*l - r*l + 59. What is the units digit of l?
2
Let y(z) = 5*z**2 + 4*z. Let t be y(-4). Suppose c = 4*o - 4*c - 27, -3*o - 5*c = -t. Suppose -o = -l + 8. What is the tens digit of l?
2
Suppose -3*x + 4 - 1 = 0. Suppose u - 3 = 0, 2*b - 4*u - 15 - 35 = 0. What is the tens digit of 0 - (4 - b/x)?
2
Suppose 4*z = 5*h - h - 8, -4*h - 4 = 0. What is the tens digit of (z/(-1) - 4)/(1/(-119))?
1
Suppose 2*c + 9*c = 4191. What is the hundreds digit of c?
3
Suppose 3*w - 2*w - 103 = 0. Let q = w + -55. Suppose 5*o - 37 = q. What is the units digit of o?
7
Let u be 2 + 3/(9/(-6)). Suppose 5*s + x + x + 80 = u, 5*s + 4*x + 80 = 0. Let t = s - -25. What is the units digit of t?
9
Let i = -760 - -2204. What is the tens digit of i?
4
Let r(f) be the second derivative of -5*f**3/3 - 6*f. What is the tens digit of r(-2)?
2
Let k(h) = h + 12. Let p(o) = -o - 23. Let w(g) = 5*k(g) + 3*p(g). Let c be w(-13). Let t = 97 + c. What is the tens digit of t?
6
Suppose 432 = 39*w - 36*w. What is the tens digit of w?
4
Let b = -13 + 18. Suppose -b*a = -10*a + 25. Suppose a*l - 3 = 12. What is the units digit of l?
3
Let k = -89 - -987. What is the tens digit of k?
9
Let a = 843 + -548. Let s = a - 118. What is the tens digit of s?
7
Let h(r) = 3*r**2 + 19*r + 17. Let q be h(-8). Suppose 0*u + 60 = -5*u. Let g = u + q. What is the tens digit of g?
4
Let z(m) = -m - 1. Let t be z(-4). Suppose -4*j + 16 = -3*y, -13 = -t*j - 3*y - 1. Suppose o + 40 = 3*o - 2*g, -20 = -o - j*g. What is the units digit of o?
0
Suppose 3*o - 1988 = -2*t, 0 = 3*t - o - 259 - 2712. What is the hundreds digit of t?
9
What is the tens digit of 2 + -1 - 4*(-3 - 158)?
4
Let o be (-7)/14 + (-45)/(-2). Suppose -191 = -3*b + o. Suppose -5*j + 2*t = -77, -3*j + b = -2*t + 24. What is the tens digit of j?
1
Let h(v) = v + 4. Let g be h(-1). Suppose 2*f + 5*k = 241, 0*f - g*k = -3*f + 309. What is the hundreds digit of f?
1
Let a(m) = 4*m**2. Let h be a(-1). Suppose 2*x = -h, 226 = 4*u + u + 2*x. Suppose 4*j = 46 + u. What is the units digit of j?
3
Let h(z) = z**3 - 4*z**2 - 11*z - 35. What is the tens digit of h(8)?
3
Suppose -4655 = -5*n - 5*h, 2*n - 2123 + 264 = h. What is the hundreds digit of n?
9
Let o(p) be the second derivative of p**4/12 - p**3/6 - 9*p**2/2 - p. What is the units digit of o(4)?
3
Let p = -38 - -302. What is the units digit of p?
4
Suppose 0 = -0*g + 3*g - 5*u - 113, 75 = 2*g - 3*u. Let w = 54 - g. Suppose 2*b + 11 = 4*z - 13, 0 = 4*z + b - w. What is the units digit of z?
5
Suppose -3*k - 11*k = -952. What is the tens digit of k?
6
What is the units digit of (0 - 3/9)/(13/(-50583))?
7
Suppose -5*h + 775 = 3*i - 222, 5*h = -i + 319. What is the hundreds digit of i?
3
Suppose 402*l - 210 = 401*l. What is the hundreds digit of l?
2
Let r(f) = -5*f**3 - 7*f**2 - 8*f + 2. What is the hundreds digit of r(-4)?
2
Suppose 13*b + 150 = 3*b. What is the hundreds digit of ((-79)/1)/(5/b)?
2
Suppose -10*t + 35 + 2205 = 0. What is the hundreds digit of t?
2
Let s(c) = c**2 - 12*c - 8. Let v be s(10). Let j = v - -94. What is the units digit of j?
6
What is the tens digit of 6471/21 - (1/7 - 0)?
0
Suppose c - 2*b = 10, -2*b - 22 = -2*c + 3*b. Suppose -d - 5*h - 55 = -c, 4*d + h = -158. What is the units digit of 26/d*-51*1?
4
Let v(h) = 3*h - 28. Let u(n) = 3*n. Let b be u(4). Let f be v(b). Suppose 9*z - 3 = f*z. What is the units digit of z?
3
Let f be (-12)/(-5) + 3/5. Let k be (2/6)/(f/54). Suppose k*o - 50 = o. What is the tens digit of o?
1
Suppose 42 - 114 = 4*c. Let x = -10 - c. Let d(a) = -a**2 + 12*a - 10. What is the tens digit of d(x)?
2
Suppose -88 - 38 = -6*o. What is the units digit of 4249/147 - (-2)/o?
9
Suppose 3*o = 2 + 28. Suppose -15*c + 20 = -o*c. Suppose -44 = -c*u + 4*a, -3*a + 1 = 2*u - 11. What is the units digit of u?
9
Let b(u) = u**2 - 3*u + 2. Let m be b(2). What is the units digit of (m + 1/(-2))/((-1)/176)?
8
Let z = 96 + -22. Suppose 304 = 6*c - z. What is the units digit of c?
3
Let y(z) = 70*z - 317. What is the units digit of y(58)?
3
Suppose 37 = -5*m - 3. Let n(q) be the third derivative of -q**6/120 - 2*q**5/15 - q**4/8 - q**3 + 2*q**2. What is the units digit of n(m)?
8
Suppose 0 = z + 7 - 10. Suppose 4*f + 2*m - 246 = 0, -3*f + 0*f - z*m = -183. What is the uni